to base 3
1000
Convert 0 (base 13) to base 7.
0
What is 12 (base 12) in base 3?
112
-10 (base 11) to base 10
-11
Convert -77 (base 11) to base 13.
-66
-20 (base 7) to base 15
-e
What is 1000111 (base 2) in base 15?
4b
Convert -133 (base 4) to base 14.
-23
Convert 101 (base 2) to base 8.
5
-1 (base 10) to base 7
-1
Convert -2 (base 6) to base 3.
-2
What is -111 (base 3) in base 8?
-15
What is -112 (base 3) in base 12?
-12
Convert 39 (base 10) to base 2.
100111
Convert -122 (base 4) to base 13.
-20
Convert -102 (base 3) to base 13.
-b
-1 (base 4) to base 6
-1
What is 220 (base 3) in base 4?
120
What is 45 (base 14) in base 5?
221
1010000 (base 2) to base 11
73
-13 (base 9) to base 3
-110
Convert 5 (base 15) to base 9.
5
Convert -5 (base 12) to base 6.
-5
Convert -1 (base 3) to base 4.
-1
What is -376 (base 9) in base 11?
-264
Convert 1001001 (base 2) to base 12.
61
Convert -6 (base 7) to base 6.
-10
1 (base 3) to base 8
1
Convert 7 (base 11) to base 14.
7
Convert 10001 (base 2) to base 10.
17
-2 (base 3) to base 12
-2
Convert 9 (base 15) to base 4.
21
What is -2 (base 14) in base 15?
-2
0 (base 16) to base 14
0
23 (base 12) to base 11
25
What is 23 (base 4) in base 16?
b
Convert -21 (base 7) to base 3.
-120
13 (base 5) to base 14
8
11a (base 13) to base 2
11000000
-7 (base 12) to base 10
-7
Convert 3 (base 8) to base 2.
11
-3 (base 9) to base 13
-3
What is -6 (base 9) in base 15?
-6
What is -5 (base 6) in base 2?
-101
What is -22 (base 16) in base 14?
-26
What is 41 (base 9) in base 2?
100101
What is 100 (base 2) in base 3?
11
What is 0 (base 3) in base 16?
0
2210 (base 3) to base 12
63
What is -1 (base 2) in base 10?
-1
What is 10 (base 3) in base 13?
3
-110 (base 5) to base 6
-50
Convert -1 (base 10) to base 2.
-1
Convert -84 (base 15) to base 13.
-97
What is -3 (base 9) in base 3?
-10
What is -2b (base 13) in base 10?
-37
1c3 (base 13) to base 16
148
Convert 68 (base 13) to base 10.
86
What is 1012 (base 3) in base 15?
22
10 (base 13) to base 5
23
Convert -a (base 15) to base 12.
-a
Convert 11 (base 12) to base 11.
12
21 (base 12) to base 6
41
1 (base 16) to base 13
1
Convert 3 (base 6) to base 9.
3
Convert 103 (base 5) to base 16.
1c
What is -1a (base 12) in base 7?
-31
102 (base 5) to base 3
1000
What is 3a (base 15) in base 9?
61
9 (base 16) to base 14
9
Convert -5 (base 11) to base 16.
-5
Convert -2 (base 4) to base 5.
-2
What is 2a (base 13) in base 6?
100
Convert 5 (base 15) to base 7.
5
Convert -168 (base 9) to base 5.
-1033
Convert 251 (base 7) to base 3.
11222
Convert -5 (base 9) to base 6.
-5
-6 (base 15) to base 11
-6
10 (base 3) to base 4
3
What is -13 (base 4) in base 8?
-7
Convert -1 (base 13) to base 4.
-1
Convert 23 (base 7) to base 9.
18
Convert -32 (base 9) to base 2.
-11101
38 (base 11) to base 4
221
Convert 1 (base 7) to base 2.
1
Convert -10322 (base 4) to base 8.
-472
What is 11a (base 16) in base 13?
189
What is 8 (base 10) in base 4?
20
-11 (base 3) to base 10
-4
Convert -a (base 14) to base 5.
-20
Convert 254 (base 7) to base 5.
1022
What is -3 (base 14) in base 11?
-3
Convert 27 (base 11) to base 14.
21
What is 100000100 (base 2) in base 14?
148
-1 (base 16) to base 15
-1
-28 (base 10) to base 9
-31
-343 (base 5) to base 3
-10122
What is 7 (base 8) in base 7?
10
3 (base 11) to base 12
3
-2 (base 5) to base 7
-2
Convert 6 (base 7) to base 9.
6
Convert 20 (base 12) to base 6.
40
4 (base 12) to base 8
4
-4 (base 14) to base 3
-11
Convert -14 (base 14) to base 16.
-12
What is -1 (base 13) in base 9?
-1
What is 1d (base 16) in base 5?
104
What is 1010100 (base 2) in base 13?
66
61 (base 8) to base 6
121
Convert 2100 (base 4) to base 14.
a4
Convert 33 (base 8) to base 13.
21
-2 (base 4) to base 9
-2
What is -244 (base 7) in base 4?
-2002
-111 (base 5) to base 7
-43
Convert -1b (base 13) to base 2.
-11000
38 (base 9) to base 7
50
-4 (base 16) to base 9
-4
What is 7 (base 11) in base 13?
7
What is -8 (base 16) in base 4?
-20
What is -10 (base 2) in base 14?
-2
What is -2 (base 14) in base 11?
-2
What is 132 (base 14) in base 3?
22220
10 (base 14) to base 12
12
4 (base 16) to base 8
4
Convert 1 (base 9) to base 7.
1
Convert -6 (base 8) to base 11.
-6
-2 (base 8) to base 5
-2
What is -10 (base 4) in base 8?
-4
Convert -10 (base 4) to base 12.
-4
Convert 0 (base 3) to base 14.
0
What is -24 (base 15) in base 7?
-46
45 (base 16) to base 5
234
What is 100110 (base 2) in base 15?
28
214 (base 12) to base 3
102021
What is -22 (base 4) in base 7?
-13
-2c (base 14) to base 5
-130
-1 (base 8) to base 6
-1
What is -34 (base 6) in base 14?
-18
-1 (base 16) to base 10
-1
What is -1001111 (base 2) in base 13?
-61
What is -6a (base 11) in base 3?
-2211
What is a4 (base 12) in base 2?
1111100
Convert -3 (base 14) to base 2.
-11
-1200 (base 3) to base 8
-55
5 (base 6) to base 12
5
Convert 3 (base 10) to base 9.
3
Convert 511 (base 6) to base 16.
bb
What is 0 (base 2) in base 15?
0
0 (base 15) to base 2
0
210 (base 3) to base 5
41
What is 0 (base 8) in base 2?
0
What is -10 (base 15) in base 16?
-f
What is 0 (base 13) in base 11?
0
66 (base 8) to base 3
2000
22 (base 11) to base 16
18
Convert -4 (base 6) to base 9.
-4
8 (base 11) to base 13
8
b (base 14) to base 6
15
Convert -40 (base 10) to base 4.
-220
-3 (base 15) to base 5
-3
Convert 13 (base 15) to base 14.
14
What is 101 (base 4) in base 14?
13
5 (base 9) to base 14
5
Convert -1 (base 13) to base 2.
-1
68 (base 9) to base 11
57
-2 (base 13) to base 8
-2
1011 (base 2) to base 4
23
What is 0 (base 11) in base 8?
0
33 (base 13) to base 8
52
What is -3 (base 13) in base 8?
-3
What is -7 (base 15) in base 10?
-7
1 (base 3) to base 13
1
16 (base 9) to base 5
30
-11001000 (base 2) to base 9
-242
a (base 13) to base 10
10
What is 0 (base 12) in base 15?
0
Convert -3 (base 5) to base 6.
-3
Convert -203 (base 4) to base 15.
-25
Convert -169 (base 13) to base 3.
-100111
What is 50 (base 11) in base 12?
47
What is -2 (base 10) in base 14?
-2
-2 (base 14) to base 5
-2
15 (base 7) to base 10
12
What is -6 (base 15) in base 4?
-12
-101111 (base 2) to base 11
-43
1101 (base 5) to base 9
177
4b (base 16) to base 4
1023
Convert 24 (base 11) to base 8.
32
-5 (base 14) to base 9
-5
What is -31 (base 4) in base 16?
-d
Convert -6 (base 12) to base 9.
-6
4 (base 6) to base 3
11
What is 340 (base 5) in base 3?
10112
Convert -3 (base 11) to base 12.
-3
Convert 1 (base 13) to base 2.
1
What is -26 (base 7) in base 11?
-19
What is -22 (base 7) in base 3?
-121
-10a (base 16) to base 3
-100212
What is 1000100 (base 2) in base 11?
62
Convert -2 (base 7) to base 8.
-2
What is -31 (base 10) in base 2?
-11111
What is 2 (base 11) in base 14?
2
-6 (base 13) to base 2
-110
Convert 3 (base 11) to base 13.
3
What is -512 (base 7) in base 2?
-11111110
What is -24 (base 7) in base 16?
-12
What is 12 (base 3) in base 5?
10
What is 1c (base 15) in base 14?
1d
a (base 16) to base 9
11
-1 (base 4) to base 8
-1
Convert 111010 (base 2) to base 12.
4a
-1113 (base 5) to base 11
-134
What is -111 (base 3) in base 15?
-d
-8 (base 9) to base 11
-8
98 (base 16) to base 9
178
What is -13 (base 8) in base 5?
-21
e (base 15) to base 7
20
Convert 9 (base 13) to base 12.
9
Convert -5 (base 6) to base 13.
-5
-13 (base 4) to base 16
-7
What is 1b9 (base 13) in base 9?
386
Convert -5 (base 16) to base 2.
-101
What is -2 (base 7) in base 13?
-2
-11202 (base 3) to base 13
-9b
What is -b (base 14) in base 2?
-1011
What is 14 (base 8) in base 5?
22
What is 14 (base 6) in base 12?
a
What is -7 (base 9) in base 8?
-7
Convert c (base 16) to base 7.
15
12 (base 14) to base 15
11
Convert -1 (base 9) to base 2.
-1
-117 (base 12) to base 2
-10100011
1 (base 14) to base 16
1
What is 17a (base 11) in base 4?
3100
Convert 12 (base 9) to base 12.
b
100 (base 2) to base 13
4
What is -10 (base 2) in base 8?
-2
1 (base 6) to base 3
1
441 (base 5) to base 8
171
What is 440 (base 6) in base 13?
cc
What is d (base 16) in base 13?
10
Convert 13 (base 16) to base 5.
34
Convert -3f (base 16) to base 2.
-111111
What is 3 (base 7) in base 3?
10
-51 (base 9) to base 14
-34
Convert d (base 15) to base 10.
13
-3 (base 6) to base 3
-10
Convert -16 (base 16) to base 10.
-22
What is -38 (base 9) in base 12?
-2b
What is 2 (base 12) in base 6?
2
Convert -c6 (base 13) to bas